
331
Calculate the remainder when 373352 is divided by 6020.
112
Calculate the remainder when 68634 is divided by 13723.
19
What is the remainder when 7075042 is divided by 14709?
13
Calculate the remainder when 4706858 is divided by 421.
78
What is the remainder when 2145779 is divided by 63111?
5
What is the remainder when 154519 is divided by 30900?
19
What is the remainder when 164064 is divided by 6606?
5520
What is the remainder when 195134 is divided by 157?
140
Calculate the remainder when 161217 is divided by 5371.
87
What is the remainder when 4365675 is divided by 1073?
711
What is the remainder when 2089828 is divided by 415?
303
What is the remainder when 346408 is divided by 38489?
7
What is the remainder when 817688612 is divided by 21?
20
Calculate the remainder when 108228145 is divided by 26.
25
What is the remainder when 572646 is divided by 491?
140
What is the remainder when 355165 is divided by 2166?
2107
Calculate the remainder when 8293 is divided by 8031.
262
Calculate the remainder when 702901 is divided by 1821.
1816
Calculate the remainder when 16443854 is divided by 184762.
36
Calculate the remainder when 43552 is divided by 14407.
331
What is the remainder when 73602672 is divided by 1913?
1910
Calculate the remainder when 73925586 is divided by 10.
6
What is the remainder when 1627137 is divided by 188?
185
What is the remainder when 268477 is divided by 3?
1
Calculate the remainder when 118877 is divided by 276.
197
Calculate the remainder when 5647 is divided by 4739.
908
Calculate the remainder when 10984182 is divided by 2311.
2310
Calculate the remainder when 183603 is divided by 7343.
28
Calculate the remainder when 1033190 is divided by 2831.
2706
What is the remainder when 1851277367 is divided by 6456?
6455
Calculate the remainder when 1094892 is divided by 224.
204
Calculate the remainder when 69647 is divided by 203.
18
What is the remainder when 33839130 is divided by 50281?
17
Calculate the remainder when 1157215357 is divided by 280.
277
Calculate the remainder when 270038015 is divided by 72.
71
What is the remainder when 834785 is divided by 55636?
245
Calculate the remainder when 96149 is divided by 23820.
869
What is the remainder when 23554542 is divided by 2195?
2192
What is the remainder when 351655 is divided by 15?
10
Calculate the remainder when 2588751 is divided by 1294374.
3
Calculate the remainder when 74504 is divided by 95.
24
What is the remainder when 871249 is divided by 3720?
769
Calculate the remainder when 45793205 is divided by 776156.
1
What is the remainder when 7519058 is divided by 6?
2
Calculate the remainder when 82885 is divided by 434.
425
What is the remainder when 2603358 is divided by 113189?
11
What is the remainder when 151307 is divided by 1350?
107
Calculate the remainder when 177423 is divided by 1102.
1
Calculate the remainder when 3878427 is divided by 1292807.
6
Calculate the remainder when 119749 is divided by 59870.
9
What is the remainder when 30353524 is divided by 117195?
19
Calculate the remainder when 1201016 is divided by 1817.
1796
What is the remainder when 113065576 is divided by 3502?
4
Calculate the remainder when 21113479 is divided by 1624113.
10
Calculate the remainder when 2274055388 is divided by 4746.
4742
Calculate the remainder when 139139 is divided by 13884.
299
What is the remainder when 3113078 is divided by 227?
0
What is the remainder when 52356196 is divided by 520?
516
Calculate the remainder when 20466 is divided by 10027.
412
Calculate the remainder when 196922 is divided by 1562.
110
What is the remainder when 403343 is divided by 723?
632
Calculate the remainder when 2666617 is divided by 22782.
1123
Calculate the remainder when 965981 is divided by 171.
2
Calculate the remainder when 29747 is divided by 202.
53
Calculate the remainder when 117083 is divided by 223.
8
Calculate the remainder when 138102732 is divided by 421.
418
What is the remainder when 383211 is divided by 21289?
9
What is the remainder when 94201 is divided by 1075?
676
What is the remainder when 64638 is divided by 64590?
48
What is the remainder when 524665 is divided by 108?
1
What is the remainder when 3450479 is divided by 44?
43
Calculate the remainder when 135697 is divided by 33896.
113
What is the remainder when 1730421 is divided by 10551?
57
What is the remainder when 3698944 is divided by 5392?
32
Calculate the remainder when 27674 is divided by 635.
369
What is the remainder when 86927984 is divided by 36663?
11
Calculate the remainder when 9299937 is divided by 62.
61
What is the remainder when 461583 is divided by 1315?
18
Calculate the remainder when 246496333 is divided by 23.
20
Calculate the remainder when 199640 is divided by 656.
216
Calculate the remainder when 14909 is divided by 8340.
6569
Calculate the remainder when 19936812 is divided by 246.
234
What is the remainder when 1307598 is divided by 229?
8
Calculate the remainder when 263288 is divided by 52647.
53
What is the remainder when 17675779 is divided by 1071?
1066
Calculate the remainder when 54420700 is divided by 28978.
16
Calculate the remainder when 1156740 is divided by 16289.
221
Calculate the remainder when 415502 is divided by 2234.
2212
Calculate the remainder when 169271 is divided by 956.
59
What is the remainder when 56435203 is divided by 217?
13
Calculate the remainder when 1647231 is divided by 32.
31
What is the remainder when 357765 is divided by 266?
261
Calculate the remainder when 19837234 is divided by 6612363.
145
Calculate the remainder when 373132 is divided by 2629.
2443
Calculate the remainder when 896858 is divided by 223903.
1246
What is the remainder when 5745962 is divided by 77?
68
What is the remainder when 855642 is divided by 855640?
2
What is the remainder when 1182680 is divided by 2008?
1976
Calculate the remainder when 49507 is divided by 16248.
763
Calculate the remainder when 156390212 is divided by 9.
2
Calculate the remainder when 56561578 is divided by 2081.
2079
Calculate the remainder when 1602165 is divided by 24.
21
What is the remainder when 53172 is divided by 637?
301
Calculate the remainder when 21322557 is divided by 54.
9
Calculate the remainder when 940915 is divided by 4396.
171
What is the remainder when 9715533 is divided by 11484?
69
Calculate the remainder when 8049386 is divided by 471.
467
Calculate the remainder when 5942782 is divided by 38589.
76
What is the remainder when 1303381 is divided by 972?
901
What is the remainder when 37696853 is divided by 46?
37
Calculate the remainder when 2568506 is divided by 64.
58
What is the remainder when 61141 is divided by 20321?
178
What is the remainder when 522685 is divided by 3149?
3100
Calculate the remainder when 646229 is divided by 206.
7
Calculate the remainder when 4643 is divided by 67.
20
What is the remainder when 965755086 is divided by 17?
12
What is the remainder when 2128990 is divided by 719?
31
Calculate the remainder when 4055844 is divided by 184355.
34
What is the remainder when 958095 is divided by 340?
315
What is the remainder when 94207 is divided by 498?
85
Calculate the remainder when 173445 is divided by 96.
69
Calculate the remainder when 104351268 is divided by 11.
10
Calculate the remainder when 115061253 is divided by 7.
6
What is the remainder when 836111 is divided by 71?
15
What is the remainder when 6499001 is divided by 182?
145
Calculate the remainder when 310173 is divided by 3070.
103
What is the remainder when 111115 is divided by 3367?
4
What is the remainder when 2293318 is divided by 382216?
22
What is the remainder when 32736924 is divided by 52?
12
What is the remainder when 2357783 is divided by 785846?
245
Calculate the remainder when 1930730 is divided by 695.
20
Calculate the remainder when 432629786 is divided by 43.
35
Calculate the remainder when 530183 is divided by 1626.
107
What is the remainder when 95566 is divided by 2947?
1262
What is the remainder when 667074 is divided by 418?
364
Calculate the remainder when 16835972 is divided by 77.
76
Calculate the remainder when 168223 is divided by 3656.
47
Calculate the remainder when 1937116 is divided by 824.
716
What is the remainder when 2965772 is divided by